 -2*t - 10. What is the remainder when q(-7) is divided by w?
0
Suppose 2*b - 5*u - 93 = -0*u, 4*u = b - 51. Calculate the remainder when 77 is divided by b.
38
Let d(v) = -16*v + 5. Calculate the remainder when 145 is divided by d(-2).
34
What is the remainder when (-7100)/(-120) + 1/(-6) is divided by 15?
14
Let m(k) = 3*k - 18. Let j be m(9). Let d(v) = v**2 - v + 2. Let s be d(0). Let x = j - s. What is the remainder when 18 is divided by x?
4
Let x = 33 - 19. Suppose -8 = -0*l - l. Calculate the remainder when x is divided by l.
6
Let j be (-28)/(-13) - (-10)/(-65). Calculate the remainder when (3 - -19) + -6 + j is divided by 10.
8
Let q(h) = h**2 - 6*h - 3. Let y be q(3). Let f = y - -23. What is the remainder when f is divided by 6?
5
Suppose 0 = 4*c - 310 + 786. Let i = -80 - c. What is the remainder when i is divided by 10?
9
Let r(z) = 21*z**2 - z + 1. What is the remainder when 61 is divided by r(1)?
19
Let f = 118 - 95. What is the remainder when f is divided by 6?
5
Let k = 56 + -25. Calculate the remainder when 61 is divided by k.
30
Let w(z) = -2*z + 19. What is the remainder when 56 is divided by w(0)?
18
Suppose -5*h = 25, z = -2*z - 3*h - 6. Calculate the remainder when z is divided by 3.
0
What is the remainder when 75 is divided by (-3 - (-6)/12)*(-52)/5?
23
Let r = -45 - -62. What is the remainder when 31 is divided by r?
14
Let k be (6 - -31) + -1 + 1. Suppose 5*j = k + 33. Calculate the remainder when 41 is divided by j.
13
Let t = -148 - -182. What is the remainder when ((-20)/6)/(1/(-30)) is divided by t?
32
Let v(c) = 46*c - 40*c + 1 - 3. Suppose -2*k = -3*k + 3. Calculate the remainder when 30 is divided by v(k).
14
Suppose -j = 4*j - 205. What is the remainder when j is divided by 11?
8
Let a(w) = 2*w**3 - w**2 + 4*w + 8. Let r(x) = x**2 - x - 1. Let z(t) = -a(t) - 5*r(t). Calculate the remainder when z(-4) is divided by 15.
12
Suppose 3*u + 6 = 87. Let v(g) = g**2 - 3*g + 4. Calculate the remainder when u is divided by v(5).
13
Let f = 5 - 1. Suppose j - 40 = -3*j + 4*m, -5*j + f*m = -47. What is the remainder when j is divided by 4?
3
Let w = -10 + 19. Let h(c) = 2 + 3*c - 6 - c**2 + 3*c + 1. What is the remainder when w is divided by h(4)?
4
Suppose -3*z + 2 = a - 2, 5*z - 50 = -5*a. What is the remainder when 6/8 + (-291)/(-12) is divided by a?
12
Let m(h) = 2*h + 13. Let a be m(-6). What is the remainder when ((-10)/(-30))/(a/438) is divided by 37?
35
Calculate the remainder when 10 is divided by (6 - 3) + 2 - -1.
4
What is the remainder when 56 is divided by 484/33 - (-2)/6?
11
Let l = 63 + -1. Suppose 4*c - 2*i = -4*i + l, 0 = -4*c - 3*i + 65. Calculate the remainder when c is divided by 6.
2
Calculate the remainder when 56 is divided by (4 - 0)*9/3 + 0.
8
Let j(b) = 8*b. Suppose f - 4*o + 15 = 4*f, 0 = 5*o + 15. What is the remainder when j(2) is divided by f?
7
Let l = 338 + -227. What is the remainder when l is divided by 19?
16
Let h(o) = o**2 - 2*o + 3. Let i be h(-3). Let j be (-4)/i + 29/9. Suppose j*a - 36 = -a. Calculate the remainder when 17 is divided by a.
8
Let u(d) = d**2 - 4*d - 5. Let z be u(6). Calculate the remainder when 19 is divided by 2*6 + (z - 9).
9
Suppose -3*o = 5*x + o - 1, 3*x - 3*o = 6. Let y be (x + -2)*(2 - 0). What is the remainder when 8 is divided by (-6 - 2/y)/(-1)?
3
Let g = 24 + -50. Let n = -11 - g. Calculate the remainder when 28 is divided by n.
13
Suppose -z + 4*i = -2 - 3, 1 = i. What is the remainder when 44 is divided by z?
8
Let f(j) = -j**2 + 9*j - 4. Let h be f(8). Let c be (0 - h)*-1 + -1. Suppose -2*u + 40 = c*u. Calculate the remainder when u is divided by 5.
3
Let c(a) = 4*a - 4*a**2 - 5*a + 7*a**2 + 2 - 3*a. Suppose 34 = 4*j - 4*k + 2, -4*j = -2*k - 24. What is the remainder when c(j) is divided by 12?
10
Let s(m) = 124*m**2 + m. Let a be s(1). Suppose 5*q = a + 120. Let c = -20 - -37. What is the remainder when q is divided by c?
15
Let x(r) = r**2 - 10*r + 21. Calculate the remainder when x(8) is divided by 3.
2
Suppose -4*u = 5*r - 25 - 45, -r = 3*u - 58. Suppose -2*w - u = -6*w. Calculate the remainder when w is divided by 3.
2
Let c(q) = -q - 2. Let g be c(-9). What is the remainder when 9 is divided by (14/g)/((-4)/(-6))?
0
Suppose -4*y + 16 = -200. Suppose 4*q - 2*k - 34 = 90, -2*q = 3*k - y. Calculate the remainder when q is divided by 11.
8
Let r be (0 + 8)*(8 + 2). Suppose f = -f + r. Calculate the remainder when f is divided by 11.
7
Let u = -16 + 51. Calculate the remainder when 103 is divided by u.
33
Let a be 3/4 - 60/16. Let x(g) be the first derivative of -3*g**2/2 - g - 1. What is the remainder when x(a) is divided by 3?
2
Let o be 1/(7/(-4) - -2). Suppose 5*j - 10 = -30, j + 24 = o*z. What is the remainder when 12 is divided by z?
2
Let r = 26 - 17. Let z(p) = 6*p**3 - 2*p**2 + 1. Let v be z(1). Suppose 2*w = w + v. What is the remainder when r is divided by w?
4
Suppose 3*x = 12, 2*m - 68 = -0*x - 2*x. What is the remainder when m is divided by 8?
6
Let a(i) = -4*i - 10. Let v be a(-10). Suppose -y - y + 5 = g, -2*y + v = -4*g. Calculate the remainder when y is divided by 4.
1
What is the remainder when 23 is divided by (63/15 + -3)/((-4)/(-30))?
5
Suppose -2*w = -2*q - 0*q - 30, 4*q = -4*w - 20. Let g(t) = -2*t - 11. What is the remainder when 35 is divided by g(q)?
8
Let a(h) = 1. Let i(u) = u**2 - 6*u - 12. Let o(z) = 2*a(z) + i(z). What is the remainder when 32 is divided by o(9)?
15
Let q(p) = p**3 + 6*p**2 + 5*p + 15. Calculate the remainder when q(-5) is divided by 4.
3
Let g be 1 + 0 + 4/2. Let d = -4 + g. What is the remainder when 10 is divided by (1 - 1) + (d - -5)?
2
Let k be 1/2 - (-114)/4. Suppose 0*h + 3*h - 44 = 5*w, -k = -2*h + 3*w. What is the remainder when ((-1)/(-3))/(2/222) is divided by h?
11
Let w be 2/(-4)*0/(-7). Suppose 0 = -w*v - v + 29. Calculate the remainder when v is divided by (-4 - -6)/(2/10).
9
Let w = -3 - -3. Suppose 0*c + c - 46 = w. Let a(m) = 2*m. Calculate the remainder when c is divided by a(8).
14
Let y(v) = -v + 20. Let g be y(17). Suppose g*p - 15 = 2*p. What is the remainder when 44 is divided by p?
14
Let v = -7 - -10. Let s be -1 - 0/(v + -2). What is the remainder when 1 + 35 - s - 3 is divided by 9?
7
Suppose 2*z + 0 = 8. Suppose 3*g - 49 = 4*u, -z = -g + 5*u + 16. Calculate the remainder when g is divided by 8.
7
Calculate the remainder when 12 - (-11 - 1)/3 is divided by 6.
4
Suppose -2*k = 4*f - 38, 2*f - 5*k + 7 + 4 = 0. Calculate the remainder when ((-60)/9)/((-1)/3) is divided by f.
6
Let w be 4/(-12)*0/(-2). Suppose 3*u - 66 + 3 = w. What is the remainder when u is divided by 11?
10
Let h be 9/2*6/(-3). Let q = 58 + h. What is the remainder when q is divided by 17?
15
Suppose -4*t + 9*t = -5*f + 55, 3*f + 57 = 3*t. What is the remainder when 44 is divided by t?
14
Suppose 4*d - 26 = 3*a, -4*a - 6*d - 14 = -d. Let s(v) = v + 6. Let j be s(a). Let o = 12 - j. Calculate the remainder when 23 is divided by o.
11
Let f = 2 + 2. Suppose x + f*x - 350 = 0. Suppose -5*r + 185 = x. What is the remainder when r is divided by 12?
11
Suppose -3*p + 3*z = -2*z - 20, z = -3*p + 14. Suppose 0 = -6*l + l - n - 28, 5*n + p = 2*l. Let k = -2 - l. Calculate the remainder when 8 is divided by k.
2
Let c = 1 - 2. Suppose -18 = -y + 5*q, 0*q = -3*y + q + 40. What is the remainder when 24 + (-1 - -2) + c is divided by y?
11
Let y(q) = q**3 - 4*q**2 + 2*q + 4. Suppose 5*f = -o + 230, 6*o + 138 = 3*f + 2*o. Calculate the remainder when f is divided by y(4).
10
Let u(p) = p**3 + 7*p**2 + 3*p - 4. Calculate the remainder when u(-4) is divided by 12.
8
Suppose h + 2*h - 45 = 0. Let t = h - 5. Calculate the remainder when 29 is divided by t.
9
Let o(g) = -g**3 - 3*g**2 + g - 2. Let c = 13 + -17. Calculate the remainder when o(c) is divided by 3.
1
Suppose 0 = -5*d + 9*d - 148. What is the remainder when 183 is divided by d?
35
Suppose 4*s - 7*s = -3*c + 51, 0 = -5*s - 10. Let m be 1*1/(-3)*-6. Suppose m*o - c = o. Calculate the remainder when o is divided by 8.
7
Let q = -30 - -50. Suppose 154 = 6*u - 188. What is the remainder when u is divided by q?
17
What is the remainder when 99 is divided by (2 + (-54)/15)*25/(-2)?
19
Let c be ((-4)/10)/((-2)/10). Suppose c*z = 3*f + 2*f + 65, -85 = -4*z + f. Let d =